nder when 1*4*(-25)/v is divided by 26.
24
Let y(z) = 2*z**3 - 24*z**2 - 120*z + 103. What is the remainder when 523 is divided by y(16)?
61
Suppose -6*p = -4*p - d + 13, -3*p - 12 = -4*d. What is the remainder when 197 is divided by -102*p/72*(1 - -2)?
27
Let u(r) = 3*r**2 + 3*r. Let j be u(-2). Suppose 0 = 4*x + t - 3*t - 36, 0 = -2*x - 2*t + j. Let s = 20 - x. Calculate the remainder when 129 is divided by s.
12
Suppose -6*t + 2*t + 40 = 0. Let n = t - -21. Suppose 34 = z - 58. What is the remainder when z is divided by n?
30
Suppose -24*f + 22681 + 34882 = 14123. Calculate the remainder when f is divided by 12.
10
Let z = 1302 - 896. What is the remainder when 18444/z - (-8)/14 is divided by 12?
10
Let p(w) = -w**2 + 8*w + 4. Let z be p(8). Suppose 2*j = z*j - 82. Suppose 0 = -m + j - 28. What is the remainder when 89 is divided by m?
11
Suppose -30 = -5*p + 90. Let h(z) = 9*z + 126 - 113 + 63. Calculate the remainder when h(2) is divided by p.
22
Let v = -11226 - -11262. Calculate the remainder when 7126 is divided by v.
34
Let c = -2580 - -2582. Suppose 0 = r - 5 + 2. Suppose 5*z - 150 = -c*d - 3*d, -5*d + 100 = r*z. What is the remainder when z is divided by 7?
4
Suppose -11*y - 10*y + 294 = 0. What is the remainder when 4239 is divided by y?
11
Let y(i) = -20*i + 164. Let k be y(8). Suppose o - 96 = -k*f, 14*f - 19*f = 5*o - 120. Calculate the remainder when 2 - 46*(-5)/2 is divided by f.
21
Let p(d) be the third derivative of d**4/24 - 2*d**3 - 11*d**2. Let h be p(15). Suppose -102 = -h*a + 144. What is the remainder when a is divided by 28?
26
Suppose -a - 6 = -161. Suppose -688*f - 115*f = -10249 - 15447. Calculate the remainder when a is divided by f.
27
Let n(h) = -h + 7. Let g be n(-11). Let s(l) = -l**2 + 24*l - 44. Calculate the remainder when s(g) is divided by 25.
14
Suppose 11 - 13 = -2*o, -5*c + 2*o + 718 = 0. Suppose 11*j - 43 = c. What is the remainder when 74 is divided by j?
6
Suppose -211*a + 846 + 3796 = 0. Calculate the remainder when 658 is divided by a.
20
Let y(u) = 14*u**2 + 19*u + 1. Suppose -238*a + 16 = -230*a. Calculate the remainder when y(a) is divided by 14.
11
Let k = 25761 + -22719. Calculate the remainder when k is divided by 35.
32
Suppose -11*w - 4*w = 6*w - 13440. What is the remainder when w is divided by 26?
16
Let d be ((5 + -1427)/6)/1. Let y = 249 + d. What is the remainder when 369 is divided by y?
9
Let a = 3461 + -3349. What is the remainder when a is divided by 21?
7
Let j = -5744 + 6201. Calculate the remainder when j is divided by 116.
109
Suppose 0 = b - 0*b - 8. Suppose b + 15 = r. What is the remainder when 15/10 - 163/(-2) - 0 is divided by r?
14
Let j = -2237 + 2295. Calculate the remainder when 752 is divided by j.
56
Suppose 5*w - 204 = -3*p, 2*w - p - 52 - 34 = 0. Suppose 7*x = 5*x - w. Calculate the remainder when 42*(-6)/(-4) + (x - -22) is divided by 18.
10
Suppose 4*n = 44 - 4. Calculate the remainder when (-4)/(12/(-273)) - (-5 - -7) is divided by n.
9
Suppose 15*c = 2463 - 303. What is the remainder when c is divided by 4?
0
Suppose 0 = -l - 3*n - 99, l + 5*n = -32 - 75. Let d = -78 - l. What is the remainder when 35 is divided by d?
8
Suppose -k + 10 = -30. Calculate the remainder when 123 is divided by ((-96)/20)/((-6)/k).
27
Suppose -2*m + 7*m = -2*p + 253, m - 29 = 5*p. Calculate the remainder when 209 is divided by m.
13
Suppose -42*o + 33*o = -5688. Suppose 0 = -638*g + o*g + 204. Calculate the remainder when 406 is divided by g.
32
Let t = -3533 + 3644. Calculate the remainder when 671 is divided by t.
5
Suppose -5 = -9*b + 8*b. Suppose b*q - 67 - 38 = 0. Suppose 0 = -q*j + 29*j - 72. What is the remainder when j is divided by 9?
0
Let u(p) = p**3 + 8*p**2 + 5*p - 4. Let b be 50*((4 - 0) + 3/(-1)). Let n = b + -54. Calculate the remainder when u(n) is divided by 14.
12
Let h be 11 - ((4 - 7) + 2). Suppose 0 = -2*n - 11*t + h*t + 376, 4*n = -2*t + 760. What is the remainder when n is divided by 32?
29
Calculate the remainder when -13*(-6 + 0)*(8 + 322/(-42)) is divided by 7.
5
Let d(w) = 2*w**2 + 18*w + 18. Let b be d(11). Let k = -38 + b. What is the remainder when k is divided by 61?
54
Let j(h) = 10*h**2 - 51*h + 40. What is the remainder when j(7) is divided by 77?
19
Let z be (4/16)/((-1)/(-16)). Suppose z*h + h = -20. Calculate the remainder when 252 is divided by ((-6)/5)/(h/170).
48
Let y(q) = 2*q - q + 22 + 3*q. What is the remainder when y(12) is divided by 12?
10
Let j(p) = 15*p**2 + p + 4. Suppose 54 = -3*o + z, 0*o = -3*o + 3*z - 54. What is the remainder when j(2) is divided by 608/36 - 2/o?
15
Suppose -b + 4*r = 4*b + 56, 3*b + 20 = -r. Let o(j) = -j**3 - 6*j**2 + 18*j + 26. Calculate the remainder when 106 is divided by o(b).
6
Suppose -4*v + 47 = 5*s, 4*s - 5*s - 37 = -5*v. Let j = 13 - v. Calculate the remainder when 10/6*(0 + 3) is divided by j.
0
Let g = 955 + -952. Let q(y) = -y**3 + 19*y**2 - 15*y - 14. Let p be q(18). Suppose -41*b = -p*b - 12. Calculate the remainder when b is divided by g.
0
Let r = 323 - 256. Suppose -7*v + 3759 + 1862 = 0. What is the remainder when v is divided by r?
66
Let f be 1/(2/842) + 3. Let w = -18 - -25. Suppose x = -w*x + f. Calculate the remainder when x is divided by 14.
11
Let w = 1744 - 1709. What is the remainder when w is divided by 11?
2
Let j(h) = 662*h - 5709. Calculate the remainder when 9709 is divided by j(9).
247
Let z = -68 + 52. Let v be 478/16 + (-2)/z. What is the remainder when ((-4)/v*9)/((-2)/65) is divided by 8?
7
Let w = 1549 - 1470. Let f = 41 + -14. Suppose t - f = 3*c, 3*c - 18 = -3*t + 39. Calculate the remainder when w is divided by t.
16
Suppose 4*u + 591 = 70*u - 1257. Let j(x) = 2*x**2 + x. What is the remainder when u is divided by j(2)?
8
Let b(z) = 11*z - 282. What is the remainder when b(68) is divided by 36?
34
Let r(t) = -56*t + 1157. What is the remainder when 439 is divided by r(19)?
67
Suppose 0 = 4*j - 119 - 289. Suppose -29*k + 304 = -j. What is the remainder when 177 is divided by k?
9
Let y = 76 + 48. Suppose -y = -4*o - 4*h, -2*h - 164 = -4*o - 40. Let d = 11 - 4. What is the remainder when o is divided by d?
3
Suppose 26*x = 28*x + 2*f - 44, 5*x + 4*f = 106. Calculate the remainder when 2409 is divided by x.
15
Suppose 46 + 50 = -8*u + 10*u. What is the remainder when 431 is divided by u?
47
Suppose 101*a - 6540 = -335*a. What is the remainder when a is divided by 3/(2/(-10)*-1)?
0
Suppose 3*h = 3*s + 129, 85 + 138 = 5*h - 7*s. Calculate the remainder when 101 is divided by h.
23
Suppose -v - 5*o - 3 = -2, 2*v + 5*o - 3 = 0. Suppose 0 = -v*l + 4*p + 152, 10*p - 5*p = 4*l - 157. Calculate the remainder when (25 - 22)*98/3 is divided by l.
32
Suppose -1 + 3 = -j, -2*m = 5*j - 28. Let u(n) = 2*n**2 - 39*n + 34. Calculate the remainder when u(m) is divided by 4*1*(-4)/(-4).
3
Let h be (-18)/24 - (-23)/4. Let r(w) = 16*w + 12. Let z be r(h). Suppose 4*f = -0*f + z. What is the remainder when f is divided by 12?
11
Let o be (2/3)/((-12)/18)*1. Let h be (0 - o)*-1 + 7. What is the remainder when 15 is divided by -4 + (-2 - -4) + h?
3
Let r(m) be the second derivative of -13*m**3/3 - 52*m**2 - 2*m + 37. What is the remainder when r(-5) is divided by 14?
12
Let z(q) = -q**3 - 7*q**2 + 209*q + 22. Calculate the remainder when z(9) is divided by 68.
63
Let f be -400 + (-11)/(77/14). Let m = f + 429. Calculate the remainder when 51 is divided by m.
24
Suppose -9*z = -4*z - 5, 2*z + 350 = 2*b. Calculate the remainder when b is divided by 12.
8
Suppose -24*b + 22*b - 4*z + 2984 = 0, -3*b - 4*z = -4486. What is the remainder when b is divided by 88?
6
Suppose 16745 = 51*l - 68*l. Let r = -936 - l. Calculate the remainder when r is divided by 14.
7
Let y be 450/55*1 + (-2)/11. Let s(l) = 8*l - 27. Suppose 2*a + 2*a = -16, 5*q + 4*a - 529 = 0. What is the remainder when q is divided by s(y)?
35
Let t = 21285 - 21129. Calculate the remainder when 3431 is divided by t.
155
Let u(g) = -g**3 + 6*g**2 + 79*g + 205. Let f = 195 - 30. Calculate the remainder when f is divided by u(13).
18
Suppose 10*z = 5 + 25. Suppose -749 = -z*f + 2*f. What is the remainder when f is divided by 50?
49
Suppose 49 = 4*c - 7. Suppose 0 = -20*a + c*a + 1872. What is the remainder when a is divided by 53?
47
Su